5*a**2 - 44*a**3 - 3*a + 34*a**2 - 1 - 40*a**3. Is z(-2) prime?
True
Suppose -4*q + 254 = 2*u, -5*q + 2*u - u = -321. Suppose -70 = -i + q. Is i a composite number?
True
Suppose 26*o + 36 = 30*o. Suppose -4*g = -o*g + 290. Is g a composite number?
True
Let o = 167 - 76. Is 4/26 - (-19824)/o a prime number?
False
Is (12 + -15 + 2)*-11437 a prime number?
True
Let w be (-1638)/(-81) + (-2)/9. Let q = w + -14. Let x = q + 61. Is x a composite number?
False
Let w(t) = 37*t**2 - 11*t - 278. Is w(-12) a prime number?
False
Suppose 0*y + 2985 = y + 2*x, 2*x - 14965 = -5*y. Let k = y - 1832. Is k prime?
True
Suppose x - 2*y - 60 - 75 = 0, 731 = 5*x + 4*y. Let c = 500 + -352. Suppose f - c = x. Is f composite?
True
Let v(p) = 286*p**2 - 10*p + 1. Let q(r) = -r + 1. Let y(f) = -6*q(f) + v(f). Is y(-2) prime?
False
Suppose 2*c + a - 5*a = 174, 0 = -3*c + 5*a + 265. Let y = 436 - c. Suppose 4*s - 1161 + y = 0. Is s a composite number?
True
Let h(a) = 6*a**3 + 8*a**2 - 16*a + 1. Is h(11) a prime number?
True
Let d(a) = -2*a**2 - 46*a + 1. Let c(t) = -3*t**2 - 12*t - 6. Let u be c(-5). Is d(u) a composite number?
True
Let c = 2 - -2. Suppose 5*d + c*m - 45 = -m, -2*d + 22 = 3*m. Suppose -203 = -d*j + 62. Is j a composite number?
False
Suppose -14 = 2*x - 0*x. Let j(h) = h. Let y be j(x). Let g(s) = -s**3 - 3*s**2 - 7*s + 9. Is g(y) a prime number?
False
Let q be 1640/3 + (-2)/3. Suppose b = 7*b - q. Is b prime?
False
Suppose -6*v + 2*v + 84 = 0. Let j = v + -23. Is -1*14/4*j prime?
True
Let q be (-22)/2 + 9/(-3). Let y = q + 36. Is (267/2)/(11/y) prime?
False
Suppose 4*t - 2*r = 133776, -58*t + 61*t = 4*r + 100327. Is t composite?
True
Let g(o) = 4*o**3 - 9*o**2 + 3*o - 4. Let y be g(6). Suppose 2*l + 738 = 4*h, -l + y = 3*h - 2*l. Is h prime?
False
Let p(o) = o**2 - 4*o - 10. Let i be p(-2). Is (1466/4)/(i/8*2) composite?
False
Let j(d) = 30*d**2 - 3*d + 47. Is j(8) prime?
False
Let i(s) = -s**2 - 7*s + 5. Let u be ((-5)/(-15))/((-2)/6). Let j(y) = -y. Let b(p) = u*i(p) + 4*j(p). Is b(-6) composite?
False
Let h(j) be the third derivative of -j**6/120 + j**5/12 + 3*j**4/8 - j**3 + 7*j**2. Let n be h(6). Let v(w) = 3*w - 17. Is v(n) composite?
False
Let j(l) be the second derivative of l**3/6 - l**2/2 + 4*l. Let i be j(2). Is 119*(i - (3 + -3)) prime?
False
Let f be ((-6)/4)/((-3)/(-4)). Let s = 105 + -109. Is -6*f/s - -49 composite?
True
Suppose -4*a + 2131 = -53. Suppose -578 = -2*z + a. Is z a composite number?
True
Suppose 38476 = 30*m - 26*m. Is m a composite number?
False
Suppose 0 = -4*c + 3*c + 170. Let x be 21/14 + (-485)/(-2). Let l = x - c. Is l a prime number?
False
Let z = -1 - -4. Suppose -z*f - f = 16. Is (3 + f)*-2 + 13 a composite number?
True
Suppose p = 3*v + 1330, v - 6*v = 20. Suppose 2*a - 120 = p. Is a prime?
True
Let p = -1517 - -4146. Is p a prime number?
False
Suppose k - s - 1 = 0, 3*k = 6*k + s + 9. Let t be (-2 + k + 4)/2. Suppose t = 6*b - 0*b - 2994. Is b a prime number?
True
Suppose -5*z = -3*z - 8. Let p(j) be the third derivative of j**6/60 - j**5/12 - j**4/6 + j**3/6 - 147*j**2. Is p(z) prime?
False
Suppose -7*j + 2 = -6*j. Suppose 3 = j*k + 5*m, 0*m = -m - 1. Is k composite?
True
Let b be (-2)/(3/(1620/8)). Let f be 5/(10/(-6)) - b. Let o = 245 - f. Is o a composite number?
False
Let u = -13 + 4. Let p = 1 + u. Let d = 150 - p. Is d composite?
True
Suppose 11*n - 16 = 7*n. Suppose 0 = -n*h - 4*x + 1192, 175 = h + 4*x - 120. Let l = h - -590. Is l composite?
True
Let d = 11942 + -7005. Is d prime?
True
Let u(x) = -x**2 + 8*x + 19. Suppose 12*b - 16*b = -36. Is u(b) prime?
False
Let c be (-3)/((-2)/(-3 + -3)). Is c/6*284/(-3) a composite number?
True
Let d = -655 + 1461. Suppose 0 = u - 537 + 150. Let g = d - u. Is g prime?
True
Let y = -21 - -39. Is (-4)/y - 2938/(-18) prime?
True
Let t = 1252 + 2729. Is t composite?
True
Let q be -1*(0 + -1) + (5 - 3). Suppose 4*a + q*a - 889 = 0. Is a a composite number?
False
Let q(j) = -41 - 67*j - 81*j - 24*j. Is q(-6) a prime number?
True
Let c(i) = i**3 + 16*i**2 + 10*i + 20. Suppose 110 = 2*t - 7*t. Let o = t - -7. Is c(o) composite?
True
Let f = 93 - 103. Is 6/f - (-2 - (-2094)/(-15)) a prime number?
False
Is 1651 - (-12 - (6 - 12)) a composite number?
False
Let x(o) = 6*o**2 + 10*o + 1. Let i = -43 + 34. Is x(i) a composite number?
False
Let j = -14893 - -24860. Is j composite?
False
Let b = 87419 - 60670. Is b a prime number?
False
Is (4475 - (-10 - -4) - 0)/1 a prime number?
True
Let q(d) = 114*d**2 + 2*d + 27. Is q(7) composite?
True
Suppose 23*m - 8 = 21*m. Suppose u + 3*u + m*f + 3976 = 0, f = -3*u - 2990. Let h = -619 - u. Is h a prime number?
True
Let i be 14/(-63) - (-79)/(-9). Let q be (-38)/i - (-2)/(-9). Is ((-201)/(-5))/(q/20) a prime number?
False
Let s = 8668 + -2421. Is s a prime number?
True
Suppose -i + 4*f - 1 = 0, -i + 5*f = -5*i + 17. Let u be (-1054)/(-4) - (7 + 187/(-22)). Suppose -i*k = 2*k - u. Is k a prime number?
True
Let f(m) = 41*m**3 + 10*m**2 - 15*m + 31. Is f(7) composite?
False
Suppose -n + 366 = -110. Suppose v = -v + n. Suppose 0 = -m - m + v. Is m composite?
True
Let p(a) be the second derivative of 7*a**4/12 + 11*a**3/6 - 7*a**2/2 - 2*a - 3. Is p(7) composite?
True
Let z(p) = 116*p + 3. Let d be z(8). Is -3 + d - 2*(-2)/4 prime?
True
Let r(z) = -z**2 + 13*z - 13. Let a be r(4). Let y = a - 20. Suppose y*f - f = 2006. Is f composite?
True
Let x(b) = 732*b**2 + 2. Is x(-4) a composite number?
True
Suppose 3*j - 5 = 7. Suppose 0 = -m + 6*m + 25, -5*m - 2961 = -j*l. Is l a composite number?
True
Suppose -12 = -4*q + 8. Suppose -4*m + 0*x = q*x - 2997, 0 = m + 4*x - 752. Suppose 0*p = 4*p - m. Is p a composite number?
True
Is 54792/21 + (58/(-14) - -4) a composite number?
False
Let i = -15134 + 32851. Is i a prime number?
False
Let l(s) = -s**2 - 11*s - 20. Let d be l(-8). Suppose -d*k + 3*n + 1495 = -253, -2185 = -5*k - 4*n. Is k a composite number?
True
Suppose -138*v - 15135 = -141*v. Is v a prime number?
False
Let w(o) = -o**2 - o. Let p(v) = -5*v**2 - 9*v - 7. Let j be (2/4)/((-1)/(-8)). Let r(b) = j*w(b) - p(b). Is r(-13) composite?
True
Let z(x) = 34 - 29 + 0*x**3 + 5*x**3 + x**3 - 4*x**2. Is z(3) a prime number?
True
Suppose 12*v - 65120 = 95284. Is v a composite number?
False
Let u(o) = 107*o - 22 + 14 + 9. Let q be u(1). Suppose 3*d - q = 159. Is d prime?
True
Suppose -5*x - 19891 = -3*z, -8*z + 6*z = 4*x - 13290. Is z a prime number?
True
Suppose 0*v - 15148 = -14*v. Is v prime?
False
Is 11/(-44) - (0 + (-10239)/12) a composite number?
False
Let y be (-11010)/(-25) - 2/5. Let f = 42 + y. Is f a prime number?
False
Let x(p) = p**3 + 4*p**2 + p + 6. Let j be x(-4). Suppose t = -j*t + 21. Let g(y) = y**3 - 5*y**2 + 3*y + 8. Is g(t) a composite number?
False
Let c(p) = 6*p**3 + 8*p**2 + 4*p - 1. Is c(9) composite?
True
Let a(r) = 188*r + 1. Is a(32) prime?
False
Let j(b) = 5*b**2 - b + 8. Let v be j(-5). Suppose 1047 = -5*y - 4*l + 6*l, -5*y - 1050 = -5*l. Let i = v - y. Is i a composite number?
False
Suppose 0 = -6*p + 90333 - 2139. Is p prime?
True
Let q(x) = 33*x + 191. Is q(0) a composite number?
False
Let h(c) be the second derivative of -13*c**5/10 + c**4/12 - 3*c**2/2 + 8*c. Let j be h(-3). Suppose -5*x = -x - j. Is x prime?
False
Let n = 45588 + -26641. Is n a composite number?
False
Suppose -38*q = -q - 533503. Is q a prime number?
True
Let r = -10485 - -25468. Is r a composite number?
False
Suppose -65890 = 4*y + i - 194821, -y = -3*i - 32236. Is y prime?
True
Let h(z) = 5*z**3 - 20*z**2 + 6*z + 52. Is h(15) composite?
False
Let q(n) = 22*n**2 + 6*n + 8. Let o(i) = -23*i**2 - 5*i - 7. Let k(g) = 3*o(g) + 4*q(g). Is k(-6) a composite number?
False
Let h(k) = 33*k - 8. Is h(18) composite?
True
Is 25156 + (1 - (7 - 3)) prime?
True
Suppose -3*v - 13 = -q, -2*v + 0*v - 4*q + 10 = 0. Suppose -a - 261 = 5*u, -5*u - 750 = 3*a - u. Is a/4*4/v a composite number?
True
Is 5434/3 + (-50)/150 a composite number?
False
Is 120/(-60)*-2978*(-14)/(-8) composite?
True
Suppose -5*d - 21 = -276. Let h = 111 - d. Suppose 3*q - 9 - 74 = 5*r, -2*q + r = -h. Is q composite?
False
Let q be ((-3)/2)/(-3)*10. Let u(o) = -2*o + o - 8*o + 5*o + q*o**2 - 1. Is u(-4) a composite number?
True
Suppose 61*r - 45*r - 521680 = 0. Is r prime?
False
Suppose 6521 = -1